{"id":47,"date":"2019-10-02T16:35:16","date_gmt":"2019-10-02T16:35:16","guid":{"rendered":"https:\/\/www.paranormal.vincent-de-tarle.fr\/?page_id=47"},"modified":"2021-03-16T15:55:45","modified_gmt":"2021-03-16T15:55:45","slug":"lhistoire-du-livre","status":"publish","type":"page","link":"https:\/\/www.paranormal.vincent-de-tarle.fr\/?page_id=47","title":{"rendered":"Une vie dans le surnaturel"},"content":{"rendered":"\n<p class=\"has-vivid-red-color has-text-color\"><br>Disponible sur<strong> <a rel=\"noreferrer noopener\" aria-label=\"Amazon (opens in a new tab)\" href=\"https:\/\/www.amazon.fr\/dp\/1695965000\/ref=sr_1_1?__mk_fr_FR=%C3%85M%C3%85%C5%BD%C3%95%C3%91&amp;dchild=1&amp;keywords=vincent+de+tarl%C3%A9&amp;qid=1601463359&amp;sr=8-1\" target=\"_blank\">Amazon<\/a> <\/strong>depuis le 29 septembre 2020<\/p>\n\n\n\n<p>Voici mon livre, le r\u00e9cit d&rsquo;une vie impr\u00e9gn\u00e9e de surnaturel et d\u2019exp\u00e9riences psi. Si vous aimez les aventures mystiques intenses et le paranormal, il devrait vous plaire.<\/p>\n\n\n\n<p>Au travers de ma vie, cet ouvrage aborde quasiment tous les domaines du paranormal. Il comporte une section d\u2019apprentissage sur la&nbsp;t\u00e9l\u00e9kin\u00e9sie, la voyance sur objet et le voyage astral. Il d\u00e9borde sur la politique et le&nbsp;terrorisme, en lien constant avec le surnaturel.<br>Vous y apprendrez tout sur l\u2019Esprit subconscient, cette entit\u00e9 myst\u00e9rieuse qui ne dort jamais, et qui est toujours pr\u00eate \u00e0 nous aider, pour peu que l\u2019on ait foi en elle.<br>Vous trouverez \u00e9galement de pr\u00e9cieux conseils pour mener \u00e0 bien votre vie sur terre, et pr\u00e9parer celle d\u2019apr\u00e8s.<br>Le fil directeur de cette biographie est le surnaturel, mais certains passages ont \u00e9t\u00e9 \u00e9crits dans un but divertissant et p\u00e9dagogique. Je tiens aussi \u00e0 pr\u00e9ciser que j\u2019ai l\u2019\u00e9tat d\u2019esprit d\u2019un historien, donc ne soyez pas surpris de trouver dans ce livre des d\u00e9tails historiques visant \u00e0 enrichir votre culture g\u00e9n\u00e9rale.<\/p>\n\n\n\n<p><strong>Le livre fait 340 pages, imprim\u00e9, diffus\u00e9 et exp\u00e9di\u00e9 directement par Amazon. <\/strong><\/p>\n\n\n\n<figure class=\"wp-block-image size-large\"><img loading=\"lazy\" decoding=\"async\" width=\"756\" height=\"425\" src=\"https:\/\/www.paranormal.vincent-de-tarle.fr\/wp-content\/uploads\/2021\/03\/livre-Bio-4-OK-v2.jpg\" alt=\"\" class=\"wp-image-912\" srcset=\"https:\/\/www.paranormal.vincent-de-tarle.fr\/wp-content\/uploads\/2021\/03\/livre-Bio-4-OK-v2.jpg 756w, https:\/\/www.paranormal.vincent-de-tarle.fr\/wp-content\/uploads\/2021\/03\/livre-Bio-4-OK-v2-300x169.jpg 300w, https:\/\/www.paranormal.vincent-de-tarle.fr\/wp-content\/uploads\/2021\/03\/livre-Bio-4-OK-v2-620x349.jpg 620w\" sizes=\"auto, (max-width: 756px) 100vw, 756px\" \/><\/figure>\n\n\n\n<figure class=\"wp-block-image size-large\"><img loading=\"lazy\" decoding=\"async\" width=\"683\" height=\"1024\" src=\"https:\/\/www.paranormal.vincent-de-tarle.fr\/wp-content\/uploads\/2020\/10\/Livre_BIO_sommaire1-683x1024.jpg\" alt=\"\" class=\"wp-image-799\" srcset=\"https:\/\/www.paranormal.vincent-de-tarle.fr\/wp-content\/uploads\/2020\/10\/Livre_BIO_sommaire1-683x1024.jpg 683w, https:\/\/www.paranormal.vincent-de-tarle.fr\/wp-content\/uploads\/2020\/10\/Livre_BIO_sommaire1-200x300.jpg 200w, https:\/\/www.paranormal.vincent-de-tarle.fr\/wp-content\/uploads\/2020\/10\/Livre_BIO_sommaire1-768x1152.jpg 768w, https:\/\/www.paranormal.vincent-de-tarle.fr\/wp-content\/uploads\/2020\/10\/Livre_BIO_sommaire1-1024x1536.jpg 1024w, https:\/\/www.paranormal.vincent-de-tarle.fr\/wp-content\/uploads\/2020\/10\/Livre_BIO_sommaire1-620x930.jpg 620w, https:\/\/www.paranormal.vincent-de-tarle.fr\/wp-content\/uploads\/2020\/10\/Livre_BIO_sommaire1.jpg 1134w\" sizes=\"auto, (max-width: 683px) 100vw, 683px\" \/><\/figure>\n\n\n\n<figure class=\"wp-block-image size-large\"><img loading=\"lazy\" decoding=\"async\" width=\"683\" height=\"1024\" src=\"https:\/\/www.paranormal.vincent-de-tarle.fr\/wp-content\/uploads\/2020\/10\/Livre_BIO_sommaire2-683x1024.jpg\" alt=\"\" class=\"wp-image-800\" srcset=\"https:\/\/www.paranormal.vincent-de-tarle.fr\/wp-content\/uploads\/2020\/10\/Livre_BIO_sommaire2-683x1024.jpg 683w, https:\/\/www.paranormal.vincent-de-tarle.fr\/wp-content\/uploads\/2020\/10\/Livre_BIO_sommaire2-200x300.jpg 200w, https:\/\/www.paranormal.vincent-de-tarle.fr\/wp-content\/uploads\/2020\/10\/Livre_BIO_sommaire2-768x1152.jpg 768w, https:\/\/www.paranormal.vincent-de-tarle.fr\/wp-content\/uploads\/2020\/10\/Livre_BIO_sommaire2-1024x1536.jpg 1024w, https:\/\/www.paranormal.vincent-de-tarle.fr\/wp-content\/uploads\/2020\/10\/Livre_BIO_sommaire2-620x930.jpg 620w, https:\/\/www.paranormal.vincent-de-tarle.fr\/wp-content\/uploads\/2020\/10\/Livre_BIO_sommaire2.jpg 1134w\" sizes=\"auto, (max-width: 683px) 100vw, 683px\" \/><\/figure>\n","protected":false},"excerpt":{"rendered":"<p>Disponible sur Amazon depuis le 29 septembre 2020 Voici mon livre, le r\u00e9cit d&rsquo;une vie impr\u00e9gn\u00e9e de surnaturel et d\u2019exp\u00e9riences psi. Si vous aimez les aventures mystiques intenses et le paranormal, il devrait vous plaire. Au travers de ma vie, cet ouvrage aborde quasiment tous les domaines du paranormal. Il comporte une section d\u2019apprentissage sur [&hellip;]<\/p>\n","protected":false},"author":1,"featured_media":0,"parent":0,"menu_order":0,"comment_status":"closed","ping_status":"closed","template":"","meta":{"_monsterinsights_skip_tracking":false,"_monsterinsights_sitenote_active":false,"_monsterinsights_sitenote_note":"","_monsterinsights_sitenote_category":0,"footnotes":""},"class_list":["post-47","page","type-page","status-publish","hentry"],"yoast_head":"<!-- This site is optimized with the Yoast SEO plugin v20.2.1 - https:\/\/yoast.com\/wordpress\/plugins\/seo\/ -->\n<title>Une vie dans le surnaturel - Vincent de Tarl\u00e9<\/title>\n<meta name=\"robots\" content=\"index, follow, max-snippet:-1, max-image-preview:large, max-video-preview:-1\" \/>\n<link rel=\"canonical\" href=\"https:\/\/www.paranormal.vincent-de-tarle.fr\/?page_id=47\" \/>\n<meta property=\"og:locale\" content=\"fr_FR\" \/>\n<meta property=\"og:type\" content=\"article\" \/>\n<meta property=\"og:title\" content=\"Une vie dans le surnaturel - Vincent de Tarl\u00e9\" \/>\n<meta property=\"og:description\" content=\"Disponible sur Amazon depuis le 29 septembre 2020 Voici mon livre, le r\u00e9cit d&rsquo;une vie impr\u00e9gn\u00e9e de surnaturel et d\u2019exp\u00e9riences psi. Si vous aimez les aventures mystiques intenses et le paranormal, il devrait vous plaire. Au travers de ma vie, cet ouvrage aborde quasiment tous les domaines du paranormal. Il comporte une section d\u2019apprentissage sur [&hellip;]\" \/>\n<meta property=\"og:url\" content=\"https:\/\/www.paranormal.vincent-de-tarle.fr\/?page_id=47\" \/>\n<meta property=\"og:site_name\" content=\"Vincent de Tarl\u00e9\" \/>\n<meta property=\"article:modified_time\" content=\"2021-03-16T15:55:45+00:00\" \/>\n<meta property=\"og:image\" content=\"https:\/\/www.paranormal.vincent-de-tarle.fr\/wp-content\/uploads\/2021\/03\/livre-Bio-4-OK-v2.jpg\" \/>\n<meta name=\"twitter:card\" content=\"summary_large_image\" \/>\n<meta name=\"twitter:label1\" content=\"Dur\u00e9e de lecture estim\u00e9e\" \/>\n\t<meta name=\"twitter:data1\" content=\"1 minute\" \/>\n<script type=\"application\/ld+json\" class=\"yoast-schema-graph\">{\"@context\":\"https:\/\/schema.org\",\"@graph\":[{\"@type\":\"WebPage\",\"@id\":\"https:\/\/www.paranormal.vincent-de-tarle.fr\/?page_id=47\",\"url\":\"https:\/\/www.paranormal.vincent-de-tarle.fr\/?page_id=47\",\"name\":\"Une vie dans le surnaturel - Vincent de Tarl\u00e9\",\"isPartOf\":{\"@id\":\"https:\/\/www.paranormal.vincent-de-tarle.fr\/#website\"},\"datePublished\":\"2019-10-02T16:35:16+00:00\",\"dateModified\":\"2021-03-16T15:55:45+00:00\",\"breadcrumb\":{\"@id\":\"https:\/\/www.paranormal.vincent-de-tarle.fr\/?page_id=47#breadcrumb\"},\"inLanguage\":\"fr-FR\",\"potentialAction\":[{\"@type\":\"ReadAction\",\"target\":[\"https:\/\/www.paranormal.vincent-de-tarle.fr\/?page_id=47\"]}]},{\"@type\":\"BreadcrumbList\",\"@id\":\"https:\/\/www.paranormal.vincent-de-tarle.fr\/?page_id=47#breadcrumb\",\"itemListElement\":[{\"@type\":\"ListItem\",\"position\":1,\"name\":\"Accueil\",\"item\":\"https:\/\/www.paranormal.vincent-de-tarle.fr\/\"},{\"@type\":\"ListItem\",\"position\":2,\"name\":\"Une vie dans le surnaturel\"}]},{\"@type\":\"WebSite\",\"@id\":\"https:\/\/www.paranormal.vincent-de-tarle.fr\/#website\",\"url\":\"https:\/\/www.paranormal.vincent-de-tarle.fr\/\",\"name\":\"Vincent de Tarl\u00e9\",\"description\":\"Autobiographie - 50 ans dans le monde du paranormal\",\"potentialAction\":[{\"@type\":\"SearchAction\",\"target\":{\"@type\":\"EntryPoint\",\"urlTemplate\":\"https:\/\/www.paranormal.vincent-de-tarle.fr\/?s={search_term_string}\"},\"query-input\":\"required name=search_term_string\"}],\"inLanguage\":\"fr-FR\"}]}<\/script>\n<!-- \/ Yoast SEO plugin. -->","yoast_head_json":{"title":"Une vie dans le surnaturel - Vincent de Tarl\u00e9","robots":{"index":"index","follow":"follow","max-snippet":"max-snippet:-1","max-image-preview":"max-image-preview:large","max-video-preview":"max-video-preview:-1"},"canonical":"https:\/\/www.paranormal.vincent-de-tarle.fr\/?page_id=47","og_locale":"fr_FR","og_type":"article","og_title":"Une vie dans le surnaturel - Vincent de Tarl\u00e9","og_description":"Disponible sur Amazon depuis le 29 septembre 2020 Voici mon livre, le r\u00e9cit d&rsquo;une vie impr\u00e9gn\u00e9e de surnaturel et d\u2019exp\u00e9riences psi. Si vous aimez les aventures mystiques intenses et le paranormal, il devrait vous plaire. Au travers de ma vie, cet ouvrage aborde quasiment tous les domaines du paranormal. Il comporte une section d\u2019apprentissage sur [&hellip;]","og_url":"https:\/\/www.paranormal.vincent-de-tarle.fr\/?page_id=47","og_site_name":"Vincent de Tarl\u00e9","article_modified_time":"2021-03-16T15:55:45+00:00","og_image":[{"url":"https:\/\/www.paranormal.vincent-de-tarle.fr\/wp-content\/uploads\/2021\/03\/livre-Bio-4-OK-v2.jpg"}],"twitter_card":"summary_large_image","twitter_misc":{"Dur\u00e9e de lecture estim\u00e9e":"1 minute"},"schema":{"@context":"https:\/\/schema.org","@graph":[{"@type":"WebPage","@id":"https:\/\/www.paranormal.vincent-de-tarle.fr\/?page_id=47","url":"https:\/\/www.paranormal.vincent-de-tarle.fr\/?page_id=47","name":"Une vie dans le surnaturel - Vincent de Tarl\u00e9","isPartOf":{"@id":"https:\/\/www.paranormal.vincent-de-tarle.fr\/#website"},"datePublished":"2019-10-02T16:35:16+00:00","dateModified":"2021-03-16T15:55:45+00:00","breadcrumb":{"@id":"https:\/\/www.paranormal.vincent-de-tarle.fr\/?page_id=47#breadcrumb"},"inLanguage":"fr-FR","potentialAction":[{"@type":"ReadAction","target":["https:\/\/www.paranormal.vincent-de-tarle.fr\/?page_id=47"]}]},{"@type":"BreadcrumbList","@id":"https:\/\/www.paranormal.vincent-de-tarle.fr\/?page_id=47#breadcrumb","itemListElement":[{"@type":"ListItem","position":1,"name":"Accueil","item":"https:\/\/www.paranormal.vincent-de-tarle.fr\/"},{"@type":"ListItem","position":2,"name":"Une vie dans le surnaturel"}]},{"@type":"WebSite","@id":"https:\/\/www.paranormal.vincent-de-tarle.fr\/#website","url":"https:\/\/www.paranormal.vincent-de-tarle.fr\/","name":"Vincent de Tarl\u00e9","description":"Autobiographie - 50 ans dans le monde du paranormal","potentialAction":[{"@type":"SearchAction","target":{"@type":"EntryPoint","urlTemplate":"https:\/\/www.paranormal.vincent-de-tarle.fr\/?s={search_term_string}"},"query-input":"required name=search_term_string"}],"inLanguage":"fr-FR"}]}},"_links":{"self":[{"href":"https:\/\/www.paranormal.vincent-de-tarle.fr\/index.php?rest_route=\/wp\/v2\/pages\/47","targetHints":{"allow":["GET"]}}],"collection":[{"href":"https:\/\/www.paranormal.vincent-de-tarle.fr\/index.php?rest_route=\/wp\/v2\/pages"}],"about":[{"href":"https:\/\/www.paranormal.vincent-de-tarle.fr\/index.php?rest_route=\/wp\/v2\/types\/page"}],"author":[{"embeddable":true,"href":"https:\/\/www.paranormal.vincent-de-tarle.fr\/index.php?rest_route=\/wp\/v2\/users\/1"}],"replies":[{"embeddable":true,"href":"https:\/\/www.paranormal.vincent-de-tarle.fr\/index.php?rest_route=%2Fwp%2Fv2%2Fcomments&post=47"}],"version-history":[{"count":87,"href":"https:\/\/www.paranormal.vincent-de-tarle.fr\/index.php?rest_route=\/wp\/v2\/pages\/47\/revisions"}],"predecessor-version":[{"id":914,"href":"https:\/\/www.paranormal.vincent-de-tarle.fr\/index.php?rest_route=\/wp\/v2\/pages\/47\/revisions\/914"}],"wp:attachment":[{"href":"https:\/\/www.paranormal.vincent-de-tarle.fr\/index.php?rest_route=%2Fwp%2Fv2%2Fmedia&parent=47"}],"curies":[{"name":"wp","href":"https:\/\/api.w.org\/{rel}","templated":true}]}}

<p class="has-vivid-red-color has-text-color"><br>Disponible sur<strong> <a rel="noreferrer noopener" aria-label="Amazon (opens in a new tab)" href="https://www.amazon.fr/dp/1695965000/ref=sr_1_1?__mk_fr_FR=%C3%85M%C3%85%C5%BD%C3%95%C3%91&amp;dchild=1&amp;keywords=vincent+de+tarl%C3%A9&amp;qid=1601463359&amp;sr=8-1" target="_blank">Amazon</a> </strong>depuis le 29 septembre 2020</p>



<p>Voici mon livre, le récit d&rsquo;une vie imprégnée de surnaturel et d’expériences psi. Si vous aimez les aventures mystiques intenses et le paranormal, il devrait vous plaire.</p>



<p>Au travers de ma vie, cet ouvrage aborde quasiment tous les domaines du paranormal. Il comporte une section d’apprentissage sur la&nbsp;télékinésie, la voyance sur objet et le voyage astral. Il déborde sur la politique et le&nbsp;terrorisme, en lien constant avec le surnaturel.<br>Vous y apprendrez tout sur l’Esprit subconscient, cette entité mystérieuse qui ne dort jamais, et qui est toujours prête à nous aider, pour peu que l’on ait foi en elle.<br>Vous trouverez également de précieux conseils pour mener à bien votre vie sur terre, et préparer celle d’après.<br>Le fil directeur de cette biographie est le surnaturel, mais certains passages ont été écrits dans un but divertissant et pédagogique. Je tiens aussi à préciser que j’ai l’état d’esprit d’un historien, donc ne soyez pas surpris de trouver dans ce livre des détails historiques visant à enrichir votre culture générale.</p>



<p><strong>Le livre fait 340 pages, imprimé, diffusé et expédié directement par Amazon. </strong></p>



<figure class="wp-block-image size-large"><img loading="lazy" decoding="async" width="756" height="425" src="https://www.paranormal.vincent-de-tarle.fr/wp-content/uploads/2021/03/livre-Bio-4-OK-v2.jpg" alt="" class="wp-image-912" srcset="https://www.paranormal.vincent-de-tarle.fr/wp-content/uploads/2021/03/livre-Bio-4-OK-v2.jpg 756w, https://www.paranormal.vincent-de-tarle.fr/wp-content/uploads/2021/03/livre-Bio-4-OK-v2-300x169.jpg 300w, https://www.paranormal.vincent-de-tarle.fr/wp-content/uploads/2021/03/livre-Bio-4-OK-v2-620x349.jpg 620w" sizes="auto, (max-width: 756px) 100vw, 756px" /></figure>



<figure class="wp-block-image size-large"><img loading="lazy" decoding="async" width="683" height="1024" src="https://www.paranormal.vincent-de-tarle.fr/wp-content/uploads/2020/10/Livre_BIO_sommaire1-683x1024.jpg" alt="" class="wp-image-799" srcset="https://www.paranormal.vincent-de-tarle.fr/wp-content/uploads/2020/10/Livre_BIO_sommaire1-683x1024.jpg 683w, https://www.paranormal.vincent-de-tarle.fr/wp-content/uploads/2020/10/Livre_BIO_sommaire1-200x300.jpg 200w, https://www.paranormal.vincent-de-tarle.fr/wp-content/uploads/2020/10/Livre_BIO_sommaire1-768x1152.jpg 768w, https://www.paranormal.vincent-de-tarle.fr/wp-content/uploads/2020/10/Livre_BIO_sommaire1-1024x1536.jpg 1024w, https://www.paranormal.vincent-de-tarle.fr/wp-content/uploads/2020/10/Livre_BIO_sommaire1-620x930.jpg 620w, https://www.paranormal.vincent-de-tarle.fr/wp-content/uploads/2020/10/Livre_BIO_sommaire1.jpg 1134w" sizes="auto, (max-width: 683px) 100vw, 683px" /></figure>



<figure class="wp-block-image size-large"><img loading="lazy" decoding="async" width="683" height="1024" src="https://www.paranormal.vincent-de-tarle.fr/wp-content/uploads/2020/10/Livre_BIO_sommaire2-683x1024.jpg" alt="" class="wp-image-800" srcset="https://www.paranormal.vincent-de-tarle.fr/wp-content/uploads/2020/10/Livre_BIO_sommaire2-683x1024.jpg 683w, https://www.paranormal.vincent-de-tarle.fr/wp-content/uploads/2020/10/Livre_BIO_sommaire2-200x300.jpg 200w, https://www.paranormal.vincent-de-tarle.fr/wp-content/uploads/2020/10/Livre_BIO_sommaire2-768x1152.jpg 768w, https://www.paranormal.vincent-de-tarle.fr/wp-content/uploads/2020/10/Livre_BIO_sommaire2-1024x1536.jpg 1024w, https://www.paranormal.vincent-de-tarle.fr/wp-content/uploads/2020/10/Livre_BIO_sommaire2-620x930.jpg 620w, https://www.paranormal.vincent-de-tarle.fr/wp-content/uploads/2020/10/Livre_BIO_sommaire2.jpg 1134w" sizes="auto, (max-width: 683px) 100vw, 683px" /></figure>

<p>Disponible sur Amazon depuis le 29 septembre 2020 Voici mon livre, le récit d&rsquo;une vie imprégnée de surnaturel et d’expériences psi. Si vous aimez les aventures mystiques intenses et le paranormal, il devrait vous plaire. Au travers de ma vie, cet ouvrage aborde quasiment tous les domaines du paranormal. Il comporte une section d’apprentissage sur [&hellip;]</p>

<!-- This site is optimized with the Yoast SEO plugin v20.2.1 - https://yoast.com/wordpress/plugins/seo/ -->
<title>Une vie dans le surnaturel - Vincent de Tarlé</title>
<meta name="robots" content="index, follow, max-snippet:-1, max-image-preview:large, max-video-preview:-1" />
<link rel="canonical" href="https://www.paranormal.vincent-de-tarle.fr/?page_id=47" />
<meta property="og:locale" content="fr_FR" />
<meta property="og:type" content="article" />
<meta property="og:title" content="Une vie dans le surnaturel - Vincent de Tarlé" />
<meta property="og:description" content="Disponible sur Amazon depuis le 29 septembre 2020 Voici mon livre, le récit d&rsquo;une vie imprégnée de surnaturel et d’expériences psi. Si vous aimez les aventures mystiques intenses et le paranormal, il devrait vous plaire. Au travers de ma vie, cet ouvrage aborde quasiment tous les domaines du paranormal. Il comporte une section d’apprentissage sur [&hellip;]" />
<meta property="og:url" content="https://www.paranormal.vincent-de-tarle.fr/?page_id=47" />
<meta property="og:site_name" content="Vincent de Tarlé" />
<meta property="article:modified_time" content="2021-03-16T15:55:45+00:00" />
<meta property="og:image" content="https://www.paranormal.vincent-de-tarle.fr/wp-content/uploads/2021/03/livre-Bio-4-OK-v2.jpg" />
<meta name="twitter:card" content="summary_large_image" />
<meta name="twitter:label1" content="Durée de lecture estimée" />
	<meta name="twitter:data1" content="1 minute" />
<script type="application/ld+json" class="yoast-schema-graph">{"@context":"https://schema.org","@graph":[{"@type":"WebPage","@id":"https://www.paranormal.vincent-de-tarle.fr/?page_id=47","url":"https://www.paranormal.vincent-de-tarle.fr/?page_id=47","name":"Une vie dans le surnaturel - Vincent de Tarlé","isPartOf":{"@id":"https://www.paranormal.vincent-de-tarle.fr/#website"},"datePublished":"2019-10-02T16:35:16+00:00","dateModified":"2021-03-16T15:55:45+00:00","breadcrumb":{"@id":"https://www.paranormal.vincent-de-tarle.fr/?page_id=47#breadcrumb"},"inLanguage":"fr-FR","potentialAction":[{"@type":"ReadAction","target":["https://www.paranormal.vincent-de-tarle.fr/?page_id=47"]}]},{"@type":"BreadcrumbList","@id":"https://www.paranormal.vincent-de-tarle.fr/?page_id=47#breadcrumb","itemListElement":[{"@type":"ListItem","position":1,"name":"Accueil","item":"https://www.paranormal.vincent-de-tarle.fr/"},{"@type":"ListItem","position":2,"name":"Une vie dans le surnaturel"}]},{"@type":"WebSite","@id":"https://www.paranormal.vincent-de-tarle.fr/#website","url":"https://www.paranormal.vincent-de-tarle.fr/","name":"Vincent de Tarlé","description":"Autobiographie - 50 ans dans le monde du paranormal","potentialAction":[{"@type":"SearchAction","target":{"@type":"EntryPoint","urlTemplate":"https://www.paranormal.vincent-de-tarle.fr/?s={search_term_string}"},"query-input":"required name=search_term_string"}],"inLanguage":"fr-FR"}]}</script>
<!-- / Yoast SEO plugin. -->

Une vie dans le surnaturel - Vincent de Tarlé

Disponible sur Amazon depuis le 29 septembre 2020 Voici mon livre, le récit d&rsquo;une vie imprégnée de surnaturel et d’expériences psi. Si vous aimez les aventures mystiques intenses et le paranormal, il devrait vous plaire. Au travers de ma vie, cet ouvrage aborde quasiment tous les domaines du paranormal. Il comporte une section d’apprentissage sur [&hellip;]

Vincent de Tarlé
